 + 46 + 66. Suppose -119 = 5*z - j. Is (-3)/z - 9476/(-14) prime?
True
Let g = -6 + 4. Is ((-5)/g + -3)/((-1)/5638) a prime number?
True
Suppose -4*n + 2*n - 2*s = -24, 5*n = -4*s + 63. Suppose -3509 = -3*u + 4*d + 1326, 3*d = -n. Suppose u = 9*i - 4*i. Is i a prime number?
False
Let g be 137 + 8/((-24)/(-6)). Suppose -g*b - 10762 = -141*b. Is b composite?
False
Suppose 4*c - 2*u - 22 = 0, -3 = 5*c + 4*u + 2. Suppose 8 = r - b, -r + b + c*b + 20 = 0. Suppose r*v = 2*v + 9182. Is v composite?
False
Suppose -5*x = b + 3255 - 1104, 0 = -x + 4. Let c = 6158 + b. Is (2/3)/(3993/c - 1) a prime number?
True
Let j = 2043 + 659. Is j*((-66)/12 + 6) a composite number?
True
Suppose 48 - 88 = 5*m. Is (-2)/m + (-145630)/(-40) a prime number?
False
Suppose -8 = -g + 2*v, -g + 5*v + 9 + 5 = 0. Suppose 5*m + 0*x = 3*x + 108, 5*x - 79 = -g*m. Suppose m*q = 14*q + 7511. Is q a prime number?
False
Let l(i) = 10055*i - 7 + 136 - 10483*i. Is l(-14) composite?
False
Let y be (72/(-20) - -4)/(8/40). Suppose -a - 2*b = -2*a + 129, b = -y*a + 283. Is a a prime number?
True
Let c(p) be the second derivative of p**5/60 + 185*p**4/24 + p**3 + 12*p. Let j(z) be the second derivative of c(z). Is j(0) a composite number?
True
Let g(r) = 891*r**2 - 522*r + 13. Is g(-6) a prime number?
True
Let v(t) = -31*t**3 - 222*t**2 - 65*t - 11. Is v(-16) a prime number?
False
Let s(j) = -j**3 - 2*j + j**2 + 35 + 11 + j. Let r(b) = -21*b + 21. Let v be r(1). Is s(v) a composite number?
True
Let k(z) = -4298*z**3 - 4*z**2 - 6*z + 3. Is k(-3) composite?
True
Let a(o) = 716*o**3 + 7*o**2 - 80*o + 583. Is a(8) a composite number?
False
Suppose 12*j + 745261 = 38*j - 688041. Is j a composite number?
False
Let r = 4906 - -56797. Is r composite?
False
Suppose -x = i - 379497, 3*x - 220*i = -215*i + 1138507. Is x prime?
True
Let k = 24 + -11. Suppose 4*g - k = 47. Suppose -9*w - 210 = -g*w. Is w prime?
False
Let q(s) = 96*s**2 + 24*s - 67. Is q(18) composite?
False
Let n = -301 - -526. Let u(m) = 0 + 545*m + 74*m + n*m - 1. Is u(1) prime?
False
Suppose -7*w + 3*w - 1944 = 0. Let x = w - -2219. Is x prime?
True
Let y(m) = -1153*m - 1764. Is y(-19) prime?
True
Suppose -1479319 = -3*f - a, 106*f - 109*f - 2*a = -1479323. Is f composite?
True
Let t = -31061 + 87816. Is t prime?
False
Suppose 0 = -2*s + 5 + 35. Suppose -136 - s = -f. Suppose -50 = 2*m - f. Is m composite?
False
Is ((-3)/7)/(2626940/656740 - 4) a composite number?
True
Suppose 0 = 38*t - 41*t + 3. Is 19523/7 - (t + -1) a composite number?
False
Let h = 16 + 0. Suppose 10*o - 4 = h. Suppose 0 = -o*a, -4*d + 5240 = 3*a - 36. Is d a prime number?
True
Let t be 2/4*6 - 11/11. Is -1 + 1743860/180 + t/(-18) prime?
False
Suppose 8*q - 27015 = 7*q - 4*k, 0 = -4*q - 3*k + 107995. Is q prime?
False
Let v be (16943/2)/(13/26). Suppose -v = -17*j - 3190. Is j prime?
True
Let o(m) = -2*m**3 - 43*m**2 + 21*m + 45. Let q be o(-22). Suppose 4*k + 42 = 2*r, 2*k = -5*r + 38 + q. Suppose 15*s = r*s - 10122. Is s composite?
True
Let j = -84 + 31. Let l = -345 + 195. Let v = j - l. Is v prime?
True
Let d = 148 + -144. Suppose d*y - 514 = -2*w - 100, 0 = 5*w - 3*y - 1048. Is w a composite number?
True
Let d(z) = 4*z + 92. Let x be d(-21). Suppose -55429 - 58291 = -x*i. Is i prime?
False
Let f(t) = t**2 - 7*t + 11. Let i be f(7). Suppose n - i = -6. Suppose -n*r = -1753 - 282. Is r prime?
False
Suppose 6*i - 2364 = 168. Let j = 913 - i. Is j composite?
False
Let o(a) = -2239*a - 1386. Is o(-31) composite?
False
Let i(f) = -268*f + 26. Suppose -22 = -218*p + 229*p. Is i(p) a composite number?
True
Suppose 0 = -4*p + s + 4*s + 51, 2*p - s - 27 = 0. Let d(z) = 3*z**2 + 21*z - 20. Is d(p) composite?
True
Suppose -3*q + 32335 = o, 4*o - o - q = 96995. Suppose 17*x - o = 13*x. Is x prime?
False
Let c = 8508 - 2482. Suppose 2*o - c + 1834 = 0. Is o/(-24)*(-6)/4 a prime number?
True
Let u(y) = y**2 + 8*y - 10. Let w = -43 + 49. Suppose 0 = -0*z - w*z + 66. Is u(z) prime?
True
Let n(w) = 202*w**2 + 18*w - 111. Let g = -746 - -753. Is n(g) a composite number?
True
Suppose -60*j - 5512556 + 22432927 = -17*j. Is j composite?
True
Is 3634292/3*(-339)/(-452) prime?
True
Suppose 29105 = 4*q + 3021. Is q composite?
False
Suppose 1731602 = -15*q - 21*q + 38*q. Is q a composite number?
False
Let r(k) be the second derivative of -4*k**3/3 - 17*k**2 - 3*k. Let x be r(-7). Suppose x*j - 15135 = 7*j. Is j a prime number?
True
Let u(b) = 29*b + b**2 + 14 - 35*b - 26. Let k be u(9). Is (-4)/(12/45*k/(-10)) a composite number?
True
Suppose 0 = -7*r + 23786 - 5915. Suppose -11*a - r = -7580. Is a a composite number?
False
Let y = 203426 + -109639. Is y composite?
False
Let v(p) = p**3 - 17*p**2 + 22*p - 19. Let n = 121 + -109. Let h be v(n). Let b = 2580 + h. Is b a prime number?
False
Let n be 7/21 + (-156776)/(-12). Suppose -13*d - 1352 = -n. Is d composite?
True
Let d(r) = 3*r**2 + 226*r - 9. Is d(4) a prime number?
False
Let b(i) = 4698*i - 1267. Is b(6) composite?
False
Let t = -250 + 253. Suppose 0 = -4*x - c + 205, -x - t*x = -5*c - 199. Is x composite?
True
Suppose -21401*s - 242772 = -21407*s. Is s prime?
False
Let u be (-59650)/(-9) + (-15)/(1215/(-18)). Is (0 - u)*(-78)/104 a prime number?
False
Suppose 3*g - 20 = -14, -4*g = -3*n + 152779. Is n a composite number?
False
Suppose 0 = 2*g - n + 6*n + 14, 3*g = 4*n + 25. Suppose -g*u + o = -9215, -2*u - 5*o + 6207 = 75. Is u a prime number?
False
Let m be (-108)/(-81) + (40/(-6))/(-4). Let l be (484/(-6))/(4/(-6)). Suppose -m*i + l + 548 = 0. Is i a composite number?
False
Let m(i) = 4998*i + 959. Is m(9) a composite number?
True
Let c = -287060 + 654221. Is c prime?
False
Let n(w) = -w**3 - 117*w + 85385. Is n(0) a prime number?
False
Let v be (5 + -4)*(-6 + 8). Suppose v*w = 19*w - 38165. Is w composite?
True
Let s = 99685 - 55514. Is s composite?
False
Let s(x) = 15*x + 2. Let k be s(1). Suppose p - k = 23. Is 2 - -4*5*p a composite number?
True
Suppose 0 = 60*w - 59*w - 2*h - 47989, 0 = 4*h + 12. Is w a prime number?
False
Let p = -201 + 33. Let z = p + 577. Is z prime?
True
Let j(t) = 5*t + 5. Let p be j(0). Let i(s) = -6*s + 8*s + 50*s**2 + 0*s - p. Is i(-3) a prime number?
True
Let m = -15 + 16. Let n(x) = 100*x**2 - 2*x + 2. Let y be n(m). Let p = y + -26. Is p a prime number?
False
Suppose 4*n - 6598 = 2*n. Suppose -y = 5, -2*y = 2*d + n - 965. Let i = 3135 + d. Is i a prime number?
True
Let k = -167831 + 243994. Is k composite?
False
Let o = 222 + -318. Is 4*11631*(-8)/o prime?
True
Let s be (16 + 4)*(-1 + 69/15). Let o be ((-228)/s - 2/(-3))*-6. Suppose -o*v = -17*v + 9194. Is v composite?
False
Let a = -30 - -32. Let b = 161 - 158. Suppose a*s + 2*r + b*r - 5016 = 0, 0 = 2*s - 5*r - 4996. Is s prime?
True
Let f be 47/4*4 - 4. Let n = 45 - f. Is 7164/6 - 6/n prime?
False
Is (292296 + -10)*10/20 a composite number?
True
Let q = 3 - 0. Suppose 2*h - 4*t - 1296 = 0, -h - 1296 = -q*h - 3*t. Let w = h - -239. Is w composite?
False
Let x be (-1 - -2 - 3)/((-94)/1113524). Suppose -4*l = -2*y - x, 2*y - y = -4*l + 23692. Is l composite?
False
Let h(z) be the first derivative of 4 + 2*z**2 + 2/3*z**3 + 13*z. Is h(9) composite?
False
Suppose -4*q + 38*q - 16669214 = 0. Is q composite?
False
Suppose 0 = 13*b - 4*b - 18. Suppose -2*x - 23 = -5*w, 3*w + b*x - 14 = 3*x. Suppose 0 = w*p - 2162 - 773. Is p a prime number?
True
Suppose -3*v + v - 82462 = -5*z, -5*v - 5 = 0. Let t = -7995 + z. Is t composite?
True
Let x = -270 + 1561. Suppose -g + 9*y + 322 = 8*y, 5*y + x = 4*g. Is g composite?
True
Suppose -o = -2*s - 10 + 31, -s = -2*o - 6. Suppose -2*a + 3*a - s = 0. Suppose 5*l - 70 = -2*p, 30 = 3*l - 2*p - a. Is l prime?
False
Suppose -3275 = -5*i + 1030. Let w = -452 + i. Is w prime?
True
Suppose 401850 = 32*i - 67622. Is i a composite number?
True
Let o(c) = c**3 + c - 1. Let l(t) = -98*t**3 + 14*t**2 - 4*t. Let p(g) = l(g) + 3*o(g). Is p(-5) composite?
False
Let f(y) = -4*y + 38. Let v be f(9). Suppose 2 = b - 2*b, 5*h = -v*b + 6. Is h/(-8) + 2/(32/11508) a composite number?
False
Suppose 5*m + 20 = -5*c, 3*c + 24 = -5*m - 0*m. Let w be (-3 - -1471)*m/(-4). Suppose 9*t - 11*t = -w. Is t prime?
False
Let f be (11 - -4)*-8*4/(-40). Suppose -2*n - f*n + 32326 = 0. Is n a prime number?
True
Let h be ((-5538)/(-4))/3*(-47 